v + 640 - 168. Let i = 32 + v. Is i/(-8) + 2/8 prime?
False
Let w be 20/(-2 - 2) - 107. Let d = w + 1554. Suppose -3*l + d = -457. Is l a composite number?
True
Let x = -26 - -34. Suppose s - 2 = -x. Is (s/4)/(14/(-308)) a composite number?
True
Let p = -1082889 + 1844450. Is p prime?
True
Let b be (3 + 1)*5/4. Suppose 2*r - a + 17 = -0*a, -2*r + b*a = 21. Let m(n) = -80*n - 17. Is m(r) a prime number?
False
Suppose -2*p + 15 = m, 0 = 3*m + 2*p - 3*p - 10. Suppose 4*c = -5*z + 4523, -m*c + 2*c = z - 898. Is z a prime number?
True
Let l be ((-4)/6)/((-10)/45) + 23. Suppose 0 = l*v - 34*v + 38792. Is v a prime number?
False
Let w(s) = 26*s - 23. Suppose 37 - 127 = -5*h. Suppose -5*t - h = -93. Is w(t) a composite number?
False
Is (-29077)/(-2)*(125 - 111) composite?
True
Let m be (-3 - 3*-2)/((-4)/4). Is ((-164157)/(-4))/(m/(-4)) a composite number?
True
Let x be 0 + (-15)/25*-5. Suppose -g = -x*t - 3862, 4*t - 5 = -t. Suppose g = -6*f + 7*f. Is f a composite number?
True
Let a be 3 + 47/(-15) - (-14682)/90. Let k(x) = 60*x + 68*x + 6 - a*x. Is k(-7) prime?
True
Let q(k) be the second derivative of k**4/12 + k**3 + 5*k**2 + 31*k. Let c be q(-4). Suppose 0 = -15*n + c*n + 7449. Is n a prime number?
False
Is 445665/12 - (-71)/284 prime?
True
Let h be 1*-5 - 194704/(-16). Let c = -26 - -40. Is h/14 - (-2)/c a prime number?
False
Suppose 141*w = 142*w - 13. Suppose 2*h + 4 = -2*u, 2*h - 3*u - w = 3. Suppose 3*v = -h*k + 375, -517 = -v - 3*v + 3*k. Is v composite?
False
Let q be (-4)/10 - 5089/(-35). Suppose 5*d - 10*d + q = 0. Suppose -s = -66 - d. Is s a prime number?
False
Let w(o) = -2*o**3 + o**2 + 6*o + 3. Let b be w(-2). Suppose b*j - 16*j = -33265. Is j a prime number?
True
Suppose h - 2 = -p - h, -4*h = 4*p - 4. Let a(y) = -y**2 - y + 631. Is a(p) prime?
True
Let r(p) = 36*p**2 + 16*p - 719. Is r(-37) a composite number?
True
Suppose -31*z - 24 - 100 = 0. Is -3 - (-1 + -1736 - -3) - z prime?
False
Suppose -2*t + 399709 = 5*b, -77*t = -b - 76*t + 79932. Is b a prime number?
True
Suppose 0 = 8*k + 122 + 262. Let f = k - -76. Suppose 0 = -3*i + 286 - f. Is i a composite number?
True
Suppose -3*n + 23514 = -3*f, -39178 = -5*n + 3*f - 2*f. Is n prime?
False
Suppose g + 4*b + 2 = 16, 2*g - 2*b = -22. Let a be (-10)/(-15) + 4/g + 9392. Suppose 39124 - a = 4*n. Is n composite?
False
Suppose 0 = 12*r + 112 - 172. Suppose -r*x - 2900 = -9705. Is x composite?
False
Let m(t) = 10450*t - 5201. Is m(52) a prime number?
True
Let m = -1072 - -1074. Suppose 2*d + 3*d - 2*p = 72, 24 = 2*d + 4*p. Suppose -3*b = -5*l - 791, 3*l - m = -d. Is b a composite number?
False
Let i(q) = q**2 + 9*q - 4. Let n be i(-7). Is (-538)/1*n/12 a prime number?
False
Let t = -142453 + 256094. Is t a prime number?
False
Suppose -15 = -2*f - 3*f. Let j(k) = 23*k + 30. Let n be j(f). Let i = n - -242. Is i a prime number?
False
Is (1 - (-50144)/2)/(59 + (-3712)/64) a composite number?
False
Suppose -3*z - z = -5*g + 19, -3*z = 2*g - 3. Let y be -6*g/(-54) - (-1808)/(-6). Let m = 932 + y. Is m a prime number?
True
Let h be 108/45*20/6. Suppose -o - 3*o - h = 0. Is (0 - (-1 + o)) + 121 + 3 prime?
True
Let v = 461143 + -315026. Is v a prime number?
True
Suppose 594906 = -296*y + 298*y + 4*a, 2*y = -2*a + 594896. Is y prime?
False
Let u(t) = 22*t**2 + 4*t - 3. Suppose -6*v + 8 - 2 = 0. Let x be u(v). Suppose -x*c + 17*c = -8622. Is c composite?
True
Let t = 16607 - 43887. Let c = t - -46835. Is c a composite number?
True
Let k = -877 - -1135. Suppose -3*j + 32694 = -g, 5*g - 10624 - k = -j. Is j prime?
False
Suppose 0 = 15*g + 26*g + 25*g - 2612478. Is g a composite number?
True
Is (-2)/(0 + 42/(-10201443)) prime?
False
Let m(w) = 4*w**2 - 14*w + 9. Let x be m(3). Let b be 2215/1 + (1 - 1). Suppose b + 152 = x*n. Is n composite?
True
Suppose 8*v = -5265 + 34625. Let d = -1211 + v. Is d prime?
True
Suppose v - 6*v = -3*u + 58, -4*u = -3*v - 70. Is ((-12968)/u)/(6/(-4) - -1) composite?
False
Let o = 20356 - 1457. Is o a composite number?
False
Let m(p) = 12607*p - 2731. Is m(62) composite?
False
Suppose -15 = -5*p + 5*f, 2*p - 2*f - 3*f - 6 = 0. Suppose i - 3*l - 3877 = -3*i, -5*i + 4826 = p*l. Is i composite?
False
Let v = 239 + -61. Suppose -v = y - 866. Let t = y - 487. Is t prime?
False
Let n(z) = -13*z**2 - 21*z + 8. Let k(t) = -6*t**2 - 11*t + 4. Let s(h) = -5*h - 34. Let u be s(-5). Let m(y) = u*k(y) + 4*n(y). Is m(11) composite?
True
Suppose 2044901 = 38*p - 1635285. Is p composite?
False
Suppose 1143046 = 2*z + 4*b, 39*b = 4*z + 33*b - 2286148. Is z a composite number?
False
Let y(j) = -23*j**2 + 2*j**3 - 10672 + 2*j**3 + 10669 + 12*j. Is y(10) prime?
False
Let r be (-2)/3*(-31 + 28). Is (-347)/(46/(-22) - r/(-1)) a prime number?
False
Suppose -17*r = -13*r. Let g be 15/10 + 491/2. Suppose r*x - g = -x. Is x composite?
True
Suppose 3*n + b + 18 = 2*n, 2*n + 5*b = -27. Let m be 51648/n + 48/(-84). Let g = -1343 - m. Is g composite?
False
Let q be (2/4)/(1/4). Suppose -c - q*c + 30 = 0. Let d = 108 + c. Is d composite?
True
Let u = -266913 + 785846. Is u a prime number?
True
Let t(q) = q**3 - 18*q**2 - 39*q - 30. Let j be t(20). Is (-32)/(-16)*(1/1 - j) prime?
False
Is (143126*1)/(43 - (66 + -25)) a prime number?
True
Suppose -4003254 = 2199*b - 2217*b. Is b prime?
True
Let k(s) = -210543*s - 50. Is k(-1) a composite number?
True
Let c(l) = 125061*l + 4723. Is c(4) a composite number?
False
Let g be 8*(2 + (-5)/2). Let q be ((-5)/30*g)/((-2)/(-3)). Is 1/((-1)/q + 448/444) composite?
True
Let y = -365136 - -798983. Is y a composite number?
False
Let v(t) = 9*t - 5. Let i be v(-2). Let y = i + 25. Suppose -3*r = -5*j - 588, -y*j - 23 = -2*r + 365. Is r a prime number?
True
Suppose -9*f - 2*g + 272 = -7*f, 569 = 4*f - g. Suppose -335 - 65 = -q. Let x = f + q. Is x a composite number?
False
Let a = -3568 + 21119. Is a a prime number?
True
Suppose 4*k + 21 = 5*k. Suppose 4 = -19*r + k*r. Suppose -o = -c + r*o + 622, o - 3 = 0. Is c a composite number?
False
Let m(g) = 5*g**3 + 6*g**2 - 163*g + 547. Is m(36) a prime number?
False
Suppose -3*z + 407110 = 2*q, 10*z = 6*z + 16. Is q prime?
True
Let w = 9680 + -7603. Suppose 0 = 3*t - 1358 - 8251. Let o = t - w. Is o a composite number?
True
Is (2160945/50 - (-9)/18) + 10/(-25) a composite number?
True
Let a(c) = 153*c**2 - 75*c - 3. Let o be a(-5). Let d = o + -2626. Is d a prime number?
True
Suppose 4*w = -5*c - 0*w - 20, 4*c + 4*w = -16. Let m be ((-5)/2 + 2)*c. Suppose 894 = m*q + s, -3*q - 453 = -4*q + s. Is q prime?
True
Let c be (-48)/(-1)*((-16382)/(-4) - 3). Suppose -14707 = -19*h + c. Is h a prime number?
True
Let g be (-20)/8*(-236)/2. Let q = -59 - g. Let l = q + 919. Is l a prime number?
False
Suppose -v - 250191 = -4*p, 70*v = p + 69*v - 62544. Is p prime?
True
Suppose b + 2227 = -5*n, -5*n + 0*n = -3*b - 6721. Let f(x) = 998*x - 4. Let v be f(-4). Let z = b - v. Is z a composite number?
False
Let p(j) = 15*j**2 - 2*j - 17. Let z(l) = -12*l - 5. Let r be z(-1). Let g be p(r). Let t = 2853 - g. Is t composite?
True
Let f be 5150 - (-21)/(-2 - 1). Suppose -f = -2*n - 3*v, 0*v + 2569 = n + 2*v. Is n prime?
True
Let l(i) = 164*i - 26. Let d be l(7). Suppose 24*p = 30*p - d. Is p prime?
False
Let y(r) = r**3 - 7*r**2 + r - 7. Let v be y(7). Is -1 + (-1)/(-2)*(24732 + v) composite?
True
Let f(j) = 3*j**2 - 57*j - 1. Let y be f(19). Is 35 - -1124 - (y + -3) prime?
True
Suppose -k - 12 = -24. Suppose o = 5*o - k. Suppose o*r - 128 - 7 = -4*q, 2*r = 3*q + 107. Is r a composite number?
True
Let i(l) = -27*l**3 - 15*l**2 - 4*l - 13. Let s(n) = -7*n + 36. Let c be s(6). Is i(c) a composite number?
False
Let b = 7089 - 2468. Is b a composite number?
False
Let v = 127078 - 30015. Is v a prime number?
False
Suppose -86*v + 84988 - 1482 = 0. Is v composite?
False
Let u = 10837 - 920. Is u a prime number?
False
Let o = -44803 + 24115. Let r be (-1)/5 + 2 + o/(-15). Let g = r + -972. Is g prime?
True
Let o be (-9 - -8) + -1 - -72589. Suppose -3443 = 3*f - 5*q - 57897, -4*f + 3*q = -o. Is f prime?
True
Suppose 4*c = w + 32, -w - c - 28 = w. Is (-21020)/w + (-2)/((-8)/(-3)) composite?
True
Let n(w) = 27*w**2 - 227*w + 581. Is n(-79) a prime number?
False
Let p = 23 - 11. Suppose -3*s + p = 15, i = 3*s + 130. Is i composite?
False
Let p = 37 +